digit of j?
1
Suppose 1 + 7 = 2*t - 4*r, -4*t - 2*r = -6. What is the hundreds digit of 7152/9 + t - (-20)/(-30)?
7
Let w(g) = -2*g**2 - 15*g + 14. Let y be w(7). Let o = y - -306. Let f = o + -72. What is the units digit of f?
5
What is the tens digit of (-67278)/(-18)*(-93)/(-31)?
1
Let d be (-4 + 50/8)*-1552. What is the hundreds digit of d/(-14) - 45/105?
2
Suppose -15 = -5*s, -119432 = -5*c - 5213*s + 5214*s. What is the ten thousands digit of c?
2
Let n(r) = -4*r + 1. Let l be n(-2). Let i(u) = u**2 + 72*u + 516. Let q be i(-8). Suppose -2*b = 5*p, -q*p = -3*b - 7*p + l. What is the units digit of b?
5
Suppose -3*z - 4*b + 159 = 2*z, 0 = -3*z + 3*b + 117. What is the units digit of z?
5
Let u(i) = 8717*i - 56. Let c be u(1). Suppose 5*m - c + 1256 = 0. What is the hundreds digit of m?
4
Suppose -165801 - 46131 = 2*b - 16*b. What is the units digit of b?
8
Let o(q) = 69*q**3 + 21*q**2 + 27*q - 69. What is the units digit of o(10)?
1
Let w(c) = 342*c**2 + 14*c - 1. Let o be w(-2). Suppose -2*r + 241 = -b + o, 4 = -4*r. What is the thousands digit of b?
1
What is the hundreds digit of 11481 - -5 - (1 + -8 + (5 - 2))?
4
Suppose -3*w - 46 = -26*w. Suppose v = -2*j + 665, -4*v = v + w*j - 3333. What is the hundreds digit of v?
6
Let d be ((-3 - -6) + 1)*1. Suppose d*p - 1503 = -3*i, -2*p + 3*i - 1875 = -7*p. What is the units digit of p?
2
Let m = -211 + 211. Suppose m = 73*i - 68*i - 1465. What is the hundreds digit of i?
2
Let y(i) = -5686 + 6*i + 5*i + 3*i + 5678. What is the hundreds digit of y(34)?
4
Let h = 3092 + 2618. Suppose 13*z + 926 = h. What is the units digit of z?
8
Let k(t) = -2*t**3 - 12*t**2 - 17*t + 11. Let f = -181 - -34. Let q = 141 + f. What is the units digit of k(q)?
3
Let q = -3 + 2. Let b be 0 - (-5)/(q/50*1). What is the units digit of (-4)/18 + b/90 + 92?
9
What is the thousands digit of (-4 + 16 - -2) + 16184?
6
Let l be ((-1950)/(-4) + -8)*4/7. Let a = 496 - l. What is the tens digit of a?
2
What is the thousands digit of (-391 - -545)*((-782)/(-20) - 4/(-10))?
6
Let t(w) = 7*w**2 - 3*w + 8. Suppose n - 13 = 4*g - 3*g, 2*g - 5*n + 41 = 0. What is the hundreds digit of t(g)?
4
Let m = 6787 + -4741. What is the tens digit of m?
4
Suppose -25621 = -5*y + j, -6564 = -3*y + 3*j + 8811. What is the units digit of y?
4
Let b = -125 + -11. Let i = b - -288. What is the hundreds digit of i?
1
Let q(t) = -t**2 - 8*t + 5. Let b be 24/32*(-24)/2. Let z be q(b). What is the tens digit of z/7 - 148/(-14)?
1
Let i = 22620 + -12283. What is the tens digit of i?
3
Suppose -272 = 2*t + 3*p, 5*p = -t + 6*p - 141. Let m = -108 - t. What is the units digit of m?
1
Suppose -62*j + 109340 = -51*j. What is the thousands digit of j?
9
What is the tens digit of 6/8*2230336/48?
4
Let b(t) = -2*t**2 - t + 3. Let u be b(-6). Let w = 973 - u. What is the hundreds digit of w?
0
Let u = 664 + -336. Suppose 4*f - u = 5*l + 1805, -5*f - 4*l = -2615. What is the tens digit of f?
2
Let i(m) = 60*m**2 + 67*m - 1841. What is the ten thousands digit of i(20)?
2
Suppose 25*d + 4092 = -6008. Let j = d + 463. What is the units digit of j?
9
Let v be ((-1)/3)/((-196)/63 - -3). Suppose -z + 5*s = s + 4, v*z - s = -1. Suppose -4*x + 1032 - 248 = z. What is the units digit of x?
6
Suppose 4*n + 37536 = -8*h + 11*h, 50046 = 4*h - 6*n. What is the thousands digit of h?
2
Suppose -34 = 2*b - 38. Suppose 5*m + 3*h + 154 = 0, 3*m + 160 = -b*m - 5*h. Let l = m - -106. What is the tens digit of l?
7
Suppose 803 = 3*a + 2*r - 839, r = a - 549. Let q = 1191 - a. What is the hundreds digit of q?
6
Let k(m) = m**3 + 3*m**2 + 88*m - 2198. What is the units digit of k(17)?
8
Suppose -2*t = 5*m - 4, -2*m + t + 4 = -3. Suppose -83*y - 408 = -m*c - 87*y, -2*y = -2*c + 420. What is the tens digit of c?
0
Let z = 26426 - -20662. What is the ten thousands digit of z?
4
What is the hundreds digit of 125/30 + -4 + 7805/42?
1
Suppose -5*r + 1 = -24. Suppose -609 = -2*x - r*x. Let m = x - -34. What is the tens digit of m?
2
Let b(j) be the second derivative of 7/2*j**2 + 7/12*j**4 - 4/3*j**3 + 16*j + 0. What is the units digit of b(6)?
1
Suppose 2*q = -6*q - q. Suppose 118*o - 134*o + 28288 = q. What is the units digit of o?
8
Suppose 50324 + 6619 = 9*v. What is the hundreds digit of v?
3
What is the units digit of (-92)/(-368) - (-277852)/16?
6
Let q be 32229/45 - ((-6)/(-10))/3. Let g = q + -436. What is the tens digit of g?
8
Let k(g) = g**3 + 88*g**2 + 58*g + 205. What is the ten thousands digit of k(-86)?
1
What is the ten thousands digit of (-3156543)/(-130) - (133/70)/19?
2
Let b(v) = -v**2 - 7*v + 23. Let p be b(-11). What is the units digit of (1246/p)/(3/(-36)*2)?
6
Let u be ((-456)/(-18) - -4)/(4/(-6)). Suppose -m = m - 74. Let t = m - u. What is the tens digit of t?
8
Let c(y) = -y - 16. Let r be c(5). Let b = -37 - -36. What is the units digit of r/(b + (-6)/(-9))?
3
Let v(c) = 3*c**2 + 10*c - 16. Let w(k) = 7*k. Let q be w(-1). Let s be (2/1)/(2/q). What is the tens digit of v(s)?
6
Suppose 0 = 31*j - 35*j - 8, 0 = 5*p - 2*j - 25079. What is the hundreds digit of p?
0
Let h = 37 + -52. Let o(a) = -a - 13. Let m be o(h). What is the units digit of (m/(-4))/(2 + (-553)/276)?
8
Let x(p) = -p**3 + p**2 + 136. Let m = 158 + -158. What is the units digit of x(m)?
6
Suppose -4*k - 4*b + 4 = 0, -2*k + b - 3 = 2*b. Let o(n) = 7*n + 29. Let y be o(k). Let c = 31 + y. What is the units digit of c?
2
Suppose 62*p - 28*p - 27*p = 13944. What is the units digit of p?
2
Suppose -5*v = 1 + 9, -5*m = 3*v - 19. Suppose 4*y = 4*c + 112, -2*c = y - m*c - 20. Suppose 29*t = y*t - 264. What is the tens digit of t?
8
What is the tens digit of 22*-1*(5 - 33/(-2))*-4?
9
Suppose -18*q + 20*q - 10 = 0. Suppose -f - 2 = -q. Let u = 41 + f. What is the units digit of u?
4
Let s(z) = 1027*z**3 - 2*z**2 + z + 2. Let t be s(1). Suppose 3*i - y = 1427, 3*i - 409 - t = 3*y. What is the tens digit of i?
7
Let u(g) = -220*g - 5446. What is the thousands digit of u(-109)?
8
Let s = -12917 + 50691. What is the units digit of s?
4
Let r(a) = -a**3 + 25*a**2 + 27*a + 70. Let z be r(26). What is the hundreds digit of (-5)/(-60) - (-40408)/z?
4
Let r(g) = -5*g + 43. Let k = 21 + -16. Let o be r(k). Suppose o*p - 13*p - 4*m - 748 = 0, 0 = 3*m - 9. What is the hundreds digit of p?
1
Let n(z) = 3*z + 5. Let p be n(5). Suppose -p + 1820 = 9*y. Suppose 5*r = g + 42 - 115, -4*g - 3*r + y = 0. What is the tens digit of g?
5
Let p(a) = 814*a**2 - 62*a + 204. What is the hundreds digit of p(3)?
3
Let w(x) = 7*x**2 - 9*x + 27. Let p(r) = r**2 + 20*r + 8. Let c be p(-20). What is the tens digit of w(c)?
0
Let a be (6/(-15))/(4/40). Let c be (1 - 3) + -2*(2 + a). What is the hundreds digit of (1 + 147)/(-3 + (6 - c))?
1
Let r(o) = 2*o - 19. Let l be r(12). Suppose -3*p - l*h + 92 = 0, -4*h + 31 = 2*p - 33. Let g = p + 3. What is the units digit of g?
7
Let v(u) = 3*u**3 + 4*u**2 - 13*u + 10. Let a be v(5). Let j = a - 269. What is the hundreds digit of j?
1
Let i be (-1)/4 + 425/20. Suppose -8*s = -i*s + 1677. What is the units digit of s?
9
Let t = -31 + 34. Suppose f - 96 = -t*f. What is the units digit of ((-11)/((-110)/f))/(4/70)?
2
Suppose 150662 = 6*g - l, l + 73434 = 5*g - 52117. What is the ten thousands digit of g?
2
Suppose -5*l = 5*v + 2125, 5*l + v + 848 = 3*l. Let a(w) = w**3 - 4*w**2 + 595. Let z be a(0). Let p = z + l. What is the tens digit of p?
7
Let z be ((2 - 3)/(-2))/((-1)/(-6)). Suppose r - 3*r + z*u - 491 = 0, 5*u = 2*r + 489. Let f = 516 + r. What is the hundreds digit of f?
2
Let n = 93834 - 56354. What is the tens digit of n?
8
Let f(v) = 31*v**3 - 13*v**3 + 7*v - 11*v**3 - 8*v**3 - 66 - 24*v**2. What is the tens digit of f(-25)?
8
Let n(t) = -3*t**2 + 65*t - 26. Let v be n(21). Suppose v*w - 2*w = 1652. What is the tens digit of w?
1
Suppose -25042 + 88936 = 4*c - 2*u, 5*u + 79870 = 5*c. What is the tens digit of c?
7
Suppose 2396672 = -34*d + 98*d. What is the hundreds digit of d?
4
What is the tens digit of (-28912)/(-144) + (6/27)/1?
0
Suppose -4022 = -2*x - 49*n + 47*n, -x + 4*n = -1986. What is the tens digit of x?
0
Let c = -269 + 279. Let m(l) = -l**3 - 4*l**2 - 3*l - 1. Let s be m(-2). Let n = s + c. What is the units digit of n?
7
Suppose -2*o - 235 = -s, -5*o + 2*s = -2*o + 352. 